{"id":419,"date":"2020-11-10T10:25:48","date_gmt":"2020-11-10T10:25:48","guid":{"rendered":"http:\/\/localhost\/mahvish\/projects\/seo-marketing\/?page_id=419"},"modified":"2023-10-10T13:35:08","modified_gmt":"2023-10-10T13:35:08","slug":"about","status":"publish","type":"page","link":"https:\/\/vilmaprofit.lt\/index.php\/about\/","title":{"rendered":"Patirtis"},"content":{"rendered":"\t\t<div data-elementor-type=\"wp-page\" data-elementor-id=\"419\" class=\"elementor elementor-419\" data-elementor-settings=\"[]\">\n\t\t\t\t\t\t\t<div class=\"elementor-section-wrap\">\n\t\t\t\t\t\t\t<section class=\"elementor-section elementor-top-section elementor-element elementor-element-d04f1b0 home-section2 elementor-section-boxed elementor-section-height-default elementor-section-height-default\" data-id=\"d04f1b0\" data-element_type=\"section\" data-settings=\"{&quot;background_background&quot;:&quot;classic&quot;}\">\n\t\t\t\t\t\t<div class=\"elementor-container elementor-column-gap-default\">\n\t\t\t\t\t<div class=\"elementor-column elementor-col-50 elementor-top-column elementor-element elementor-element-6b0ae7a\" data-id=\"6b0ae7a\" data-element_type=\"column\">\n\t\t\t<div class=\"elementor-widget-wrap elementor-element-populated\">\n\t\t\t\t\t\t\t\t<div class=\"elementor-element elementor-element-1e39674 elementor-widget elementor-widget-image\" data-id=\"1e39674\" data-element_type=\"widget\" data-widget_type=\"image.default\">\n\t\t\t\t<div class=\"elementor-widget-container\">\n\t\t\t\t\t\t\t\t\t\t\t\t\t\t\t<img loading=\"lazy\" decoding=\"async\" width=\"4286\" height=\"4286\" src=\"https:\/\/vilmaprofit.lt\/wp-content\/uploads\/2023\/10\/IMG_0750-pandau-oreguoti_09-29-modified.png\" class=\"attachment-full size-full\" alt=\"\" srcset=\"https:\/\/vilmaprofit.lt\/wp-content\/uploads\/2023\/10\/IMG_0750-pandau-oreguoti_09-29-modified.png 4286w, https:\/\/vilmaprofit.lt\/wp-content\/uploads\/2023\/10\/IMG_0750-pandau-oreguoti_09-29-modified-300x300.png 300w, https:\/\/vilmaprofit.lt\/wp-content\/uploads\/2023\/10\/IMG_0750-pandau-oreguoti_09-29-modified-1024x1024.png 1024w, https:\/\/vilmaprofit.lt\/wp-content\/uploads\/2023\/10\/IMG_0750-pandau-oreguoti_09-29-modified-150x150.png 150w, https:\/\/vilmaprofit.lt\/wp-content\/uploads\/2023\/10\/IMG_0750-pandau-oreguoti_09-29-modified-768x768.png 768w, https:\/\/vilmaprofit.lt\/wp-content\/uploads\/2023\/10\/IMG_0750-pandau-oreguoti_09-29-modified-1536x1536.png 1536w, https:\/\/vilmaprofit.lt\/wp-content\/uploads\/2023\/10\/IMG_0750-pandau-oreguoti_09-29-modified-2048x2048.png 2048w\" sizes=\"auto, (max-width: 4286px) 100vw, 4286px\" \/>\t\t\t\t\t\t\t\t\t\t\t\t\t\t\t<\/div>\n\t\t\t\t<\/div>\n\t\t\t\t\t<\/div>\n\t\t<\/div>\n\t\t\t\t<div class=\"elementor-column elementor-col-50 elementor-top-column elementor-element elementor-element-25b58aa\" data-id=\"25b58aa\" data-element_type=\"column\">\n\t\t\t<div class=\"elementor-widget-wrap elementor-element-populated\">\n\t\t\t\t\t\t\t\t<div class=\"elementor-element elementor-element-5acb7ec elementor-widget elementor-widget-heading\" data-id=\"5acb7ec\" data-element_type=\"widget\" data-widget_type=\"heading.default\">\n\t\t\t\t<div class=\"elementor-widget-container\">\n\t\t\t<div class=\"elementor-heading-title elementor-size-default\">Vilma Kanapkien\u0117<\/div>\t\t<\/div>\n\t\t\t\t<\/div>\n\t\t\t\t<div class=\"elementor-element elementor-element-254fe8b elementor-widget elementor-widget-text-editor\" data-id=\"254fe8b\" data-element_type=\"widget\" data-widget_type=\"text-editor.default\">\n\t\t\t\t<div class=\"elementor-widget-container\">\n\t\t\t\t\t\t\t<ul>\n<li>2016 m. su pagyrimu baig\u0117 <strong>Verslo vadybos<\/strong> bakalauro studijas Utenos kolegijoje;<\/li>\n<li>2018 m. Vilniaus universitete baig\u0117 Ekonomikos studijas ir&nbsp; \u012fgyjo <strong>ekonomikos bakalauro laipsn\u012f<\/strong>;<\/li>\n<li>2021 m. baig\u0117 ekonomikos studij\u0173 krypties \u017dem\u0117s \u016bkio ekonomikos studijas Vytauto Did\u017eiojo universitete ir jai suteiktas<strong> socialini\u0173 moksl\u0173 magistro laipsnis<\/strong>.<\/li>\n<\/ul>\n<p>Tyriam\u0173j\u0173 studij\u0173 kryptis niekada nebuvo paprasta:<\/p>\n<ul>\n<li>Bankroto tikimyb\u0117s vertinimas bank\u0173 sektoriuje;<\/li>\n<li>\u0160e\u0161\u0117lin\u0117s ekonomikos vertinimas;<\/li>\n<li>Kain\u0173 konvergencijos vertinimas ES \u0161alyse.<\/li>\n<\/ul>\n<p>&#8211;&nbsp; 2016 m. startavo veikl\u0105<strong> MB &#8220;Utenos apskaita&#8221;<\/strong> ir yra finansin\u0117s apskaitos paslaugas si\u016blan\u010dios \u012fmon\u0117s dalinink\u0117;<\/p>\n<p>&#8211; 2015 &#8211; 2022 m. ne kart\u0105 tobulino \u012fg\u016bd\u017eius <strong>AB &#8220;\u0160iauli\u0173 bankas&#8221;<\/strong>;<\/p>\n<p>&#8211; 2021 m. startuoja veikl\u0105<strong> MB &#8220;Vilma Profit&#8221;<\/strong>.<\/p>\t\t\t\t\t\t<\/div>\n\t\t\t\t<\/div>\n\t\t\t\t<div class=\"elementor-element elementor-element-5b54964 seomrkt-btn elementor-widget elementor-widget-button\" data-id=\"5b54964\" data-element_type=\"widget\" data-widget_type=\"button.default\">\n\t\t\t\t<div class=\"elementor-widget-container\">\n\t\t\t\t\t<div class=\"elementor-button-wrapper\">\n\t\t\t<a href=\"https:\/\/vilmaprofit.lt\/index.php\/contact-layout-2\/\" class=\"elementor-button-link elementor-button elementor-size-sm\" role=\"button\">\n\t\t\t\t\t\t<span class=\"elementor-button-content-wrapper\">\n\t\t\t\t\t\t<span class=\"elementor-button-text\">SUSISIEKITE<\/span>\n\t\t<\/span>\n\t\t\t\t\t<\/a>\n\t\t<\/div>\n\t\t\t\t<\/div>\n\t\t\t\t<\/div>\n\t\t\t\t\t<\/div>\n\t\t<\/div>\n\t\t\t\t\t\t\t<\/div>\n\t\t<\/section>\n\t\t\t\t<section class=\"elementor-section elementor-top-section elementor-element elementor-element-8e1c13e home-section4 elementor-section-boxed elementor-section-height-default elementor-section-height-default\" data-id=\"8e1c13e\" data-element_type=\"section\" data-settings=\"{&quot;background_background&quot;:&quot;classic&quot;}\">\n\t\t\t\t\t\t<div class=\"elementor-container elementor-column-gap-default\">\n\t\t\t\t\t<div class=\"elementor-column elementor-col-50 elementor-top-column elementor-element elementor-element-1c0af0d\" data-id=\"1c0af0d\" data-element_type=\"column\">\n\t\t\t<div class=\"elementor-widget-wrap elementor-element-populated\">\n\t\t\t\t\t\t\t\t<div class=\"elementor-element elementor-element-a9039a7 elementor-widget elementor-widget-heading\" data-id=\"a9039a7\" data-element_type=\"widget\" data-widget_type=\"heading.default\">\n\t\t\t\t<div class=\"elementor-widget-container\">\n\t\t\t<div class=\"elementor-heading-title elementor-size-default\">Pad\u0117sime J\u016bs\u0173 verslui:<\/div>\t\t<\/div>\n\t\t\t\t<\/div>\n\t\t\t\t<div class=\"elementor-element elementor-element-5fbdb3d elementor-position-left elementor-vertical-align-middle elementor-widget elementor-widget-image-box\" data-id=\"5fbdb3d\" data-element_type=\"widget\" data-widget_type=\"image-box.default\">\n\t\t\t\t<div class=\"elementor-widget-container\">\n\t\t\t<div class=\"elementor-image-box-wrapper\"><figure class=\"elementor-image-box-img\"><img loading=\"lazy\" decoding=\"async\" width=\"122\" height=\"120\" src=\"https:\/\/vilmaprofit.lt\/wp-content\/uploads\/2020\/11\/sec4-icon1-2.png\" class=\"attachment-full size-full\" alt=\"\" \/><\/figure><div class=\"elementor-image-box-content\"><div class=\"elementor-image-box-title\">\u012esteigti \u012fmon\u0119<\/div><p class=\"elementor-image-box-description\">Suteiksime informacij\u0105, kuri veiklos juridin\u0117 forma Jums yra tinkamiausia<\/p><\/div><\/div>\t\t<\/div>\n\t\t\t\t<\/div>\n\t\t\t\t<div class=\"elementor-element elementor-element-03a4ede elementor-position-left elementor-vertical-align-middle elementor-widget elementor-widget-image-box\" data-id=\"03a4ede\" data-element_type=\"widget\" data-widget_type=\"image-box.default\">\n\t\t\t\t<div class=\"elementor-widget-container\">\n\t\t\t<div class=\"elementor-image-box-wrapper\"><figure class=\"elementor-image-box-img\"><img loading=\"lazy\" decoding=\"async\" width=\"122\" height=\"120\" src=\"https:\/\/vilmaprofit.lt\/wp-content\/uploads\/2020\/11\/sec4-icon2-2.png\" class=\"attachment-full size-full\" alt=\"\" \/><\/figure><div class=\"elementor-image-box-content\"><div class=\"elementor-image-box-title\">Gauti finansavim\u0105<\/div><p class=\"elementor-image-box-description\">Kreipiantis \u012f Kredito \u012fstaig\u0105 d\u0117l veiklos finansavimo, gausite reikaling\u0173 dokument\u0173 s\u0105ra\u0161\u0105, kuriuos mes sutvarkysime<\/p><\/div><\/div>\t\t<\/div>\n\t\t\t\t<\/div>\n\t\t\t\t<div class=\"elementor-element elementor-element-92479d9 elementor-position-left elementor-vertical-align-middle elementor-widget elementor-widget-image-box\" data-id=\"92479d9\" data-element_type=\"widget\" data-widget_type=\"image-box.default\">\n\t\t\t\t<div class=\"elementor-widget-container\">\n\t\t\t<div class=\"elementor-image-box-wrapper\"><figure class=\"elementor-image-box-img\"><img loading=\"lazy\" decoding=\"async\" width=\"122\" height=\"120\" src=\"https:\/\/vilmaprofit.lt\/wp-content\/uploads\/2020\/11\/sec4-icon3-2.png\" class=\"attachment-full size-full\" alt=\"\" \/><\/figure><div class=\"elementor-image-box-content\"><div class=\"elementor-image-box-title\">Gauti param\u0105<\/div><p class=\"elementor-image-box-description\">Norite pasinaudoti institucij\u0173 teikiamomis paramomis ? Atliksime vis\u0105 sud\u0117ting\u0105 darb\u0105 u\u017e Jus!<\/p><\/div><\/div>\t\t<\/div>\n\t\t\t\t<\/div>\n\t\t\t\t\t<\/div>\n\t\t<\/div>\n\t\t\t\t<div class=\"elementor-column elementor-col-50 elementor-top-column elementor-element elementor-element-3e48715\" data-id=\"3e48715\" data-element_type=\"column\">\n\t\t\t<div class=\"elementor-widget-wrap elementor-element-populated\">\n\t\t\t\t\t\t\t\t<div class=\"elementor-element elementor-element-811f625 elementor-widget elementor-widget-image\" data-id=\"811f625\" data-element_type=\"widget\" data-widget_type=\"image.default\">\n\t\t\t\t<div class=\"elementor-widget-container\">\n\t\t\t\t\t\t\t\t\t\t\t\t\t\t\t<img loading=\"lazy\" decoding=\"async\" width=\"1484\" height=\"1322\" src=\"https:\/\/vilmaprofit.lt\/wp-content\/uploads\/2021\/11\/auginame-versla.jpg\" class=\"attachment-full size-full\" alt=\"\" srcset=\"https:\/\/vilmaprofit.lt\/wp-content\/uploads\/2021\/11\/auginame-versla.jpg 1484w, https:\/\/vilmaprofit.lt\/wp-content\/uploads\/2021\/11\/auginame-versla-300x267.jpg 300w, https:\/\/vilmaprofit.lt\/wp-content\/uploads\/2021\/11\/auginame-versla-1024x912.jpg 1024w, https:\/\/vilmaprofit.lt\/wp-content\/uploads\/2021\/11\/auginame-versla-768x684.jpg 768w\" sizes=\"auto, (max-width: 1484px) 100vw, 1484px\" \/>\t\t\t\t\t\t\t\t\t\t\t\t\t\t\t<\/div>\n\t\t\t\t<\/div>\n\t\t\t\t\t<\/div>\n\t\t<\/div>\n\t\t\t\t\t\t\t<\/div>\n\t\t<\/section>\n\t\t\t\t<section class=\"elementor-section elementor-top-section elementor-element elementor-element-02f358b home-section13 elementor-section-boxed elementor-section-height-default elementor-section-height-default\" data-id=\"02f358b\" data-element_type=\"section\" data-settings=\"{&quot;background_background&quot;:&quot;classic&quot;}\">\n\t\t\t\t\t\t<div class=\"elementor-container elementor-column-gap-default\">\n\t\t\t\t\t<div class=\"elementor-column elementor-col-33 elementor-top-column elementor-element elementor-element-24093ac\" data-id=\"24093ac\" data-element_type=\"column\">\n\t\t\t<div class=\"elementor-widget-wrap elementor-element-populated\">\n\t\t\t\t\t\t\t\t<div class=\"elementor-element elementor-element-d52653e elementor-widget elementor-widget-heading\" data-id=\"d52653e\" data-element_type=\"widget\" data-widget_type=\"heading.default\">\n\t\t\t\t<div class=\"elementor-widget-container\">\n\t\t\t<div class=\"elementor-heading-title elementor-size-default\">Para\u0161ykite mums:<\/div>\t\t<\/div>\n\t\t\t\t<\/div>\n\t\t\t\t<div class=\"elementor-element elementor-element-f190c40 home-contctform elementor-widget elementor-widget-shortcode\" data-id=\"f190c40\" data-element_type=\"widget\" data-widget_type=\"shortcode.default\">\n\t\t\t\t<div class=\"elementor-widget-container\">\n\t\t\t\t\t<div class=\"elementor-shortcode\"><div role=\"form\" class=\"wpcf7\" id=\"wpcf7-f1075-o1\" lang=\"en-US\" dir=\"ltr\">\n<div class=\"screen-reader-response\"><p role=\"status\" aria-live=\"polite\" aria-atomic=\"true\"><\/p> <ul><\/ul><\/div>\n<form action=\"\/index.php\/wp-json\/wp\/v2\/pages\/419#wpcf7-f1075-o1\" method=\"post\" class=\"wpcf7-form init\" novalidate=\"novalidate\" data-status=\"init\">\n<div style=\"display: none;\">\n<input type=\"hidden\" name=\"_wpcf7\" value=\"1075\" \/>\n<input type=\"hidden\" name=\"_wpcf7_version\" value=\"5.5.2\" \/>\n<input type=\"hidden\" name=\"_wpcf7_locale\" value=\"en_US\" \/>\n<input type=\"hidden\" name=\"_wpcf7_unit_tag\" value=\"wpcf7-f1075-o1\" \/>\n<input type=\"hidden\" name=\"_wpcf7_container_post\" value=\"0\" \/>\n<input type=\"hidden\" name=\"_wpcf7_posted_data_hash\" value=\"\" \/>\n<input type=\"hidden\" name=\"_wpcf7_recaptcha_response\" value=\"\" \/>\n<\/div>\n<p><label> J\u016bs\u0173 vardas<br \/>\n    <span class=\"wpcf7-form-control-wrap your-name\"><input type=\"text\" name=\"your-name\" value=\"\" size=\"40\" class=\"wpcf7-form-control wpcf7-text wpcf7-validates-as-required\" aria-required=\"true\" aria-invalid=\"false\" \/><\/span> <\/label><\/p>\n<p><label> J\u016bs\u0173 el.pa\u0161tas<br \/>\n    <span class=\"wpcf7-form-control-wrap your-email\"><input type=\"email\" name=\"your-email\" value=\"\" size=\"40\" class=\"wpcf7-form-control wpcf7-text wpcf7-email wpcf7-validates-as-required wpcf7-validates-as-email\" aria-required=\"true\" aria-invalid=\"false\" \/><\/span> <\/label><\/p>\n<p><label> Tema<br \/>\n    <span class=\"wpcf7-form-control-wrap your-subject\"><input type=\"text\" name=\"your-subject\" value=\"\" size=\"40\" class=\"wpcf7-form-control wpcf7-text wpcf7-validates-as-required\" aria-required=\"true\" aria-invalid=\"false\" \/><\/span> <\/label><\/p>\n<p><label> J\u016bs\u0173 \u017einut\u0117<br \/>\n    <span class=\"wpcf7-form-control-wrap your-message\"><textarea name=\"your-message\" cols=\"40\" rows=\"10\" class=\"wpcf7-form-control wpcf7-textarea\" aria-invalid=\"false\"><\/textarea><\/span> <\/label><\/p>\n<p><input type=\"submit\" value=\"Si\u0173sti\" class=\"wpcf7-form-control has-spinner wpcf7-submit\" \/><\/p>\n<div class=\"wpcf7-response-output\" aria-hidden=\"true\"><\/div><\/form><\/div><\/div>\n\t\t\t\t<\/div>\n\t\t\t\t<\/div>\n\t\t\t\t\t<\/div>\n\t\t<\/div>\n\t\t\t\t<div class=\"elementor-column elementor-col-33 elementor-top-column elementor-element elementor-element-2e968a1\" data-id=\"2e968a1\" data-element_type=\"column\">\n\t\t\t<div class=\"elementor-widget-wrap elementor-element-populated\">\n\t\t\t\t\t\t\t\t\t<\/div>\n\t\t<\/div>\n\t\t\t\t<div class=\"elementor-column elementor-col-33 elementor-top-column elementor-element elementor-element-7221d0a\" data-id=\"7221d0a\" data-element_type=\"column\">\n\t\t\t<div class=\"elementor-widget-wrap elementor-element-populated\">\n\t\t\t\t\t\t\t\t<div class=\"elementor-element elementor-element-46bd627 elementor-position-left elementor-vertical-align-top elementor-widget elementor-widget-image-box\" data-id=\"46bd627\" data-element_type=\"widget\" data-widget_type=\"image-box.default\">\n\t\t\t\t<div class=\"elementor-widget-container\">\n\t\t\t<div class=\"elementor-image-box-wrapper\"><figure class=\"elementor-image-box-img\"><img loading=\"lazy\" decoding=\"async\" width=\"70\" height=\"76\" src=\"https:\/\/vilmaprofit.lt\/wp-content\/uploads\/2020\/11\/address-icon-2.png\" class=\"attachment-full size-full\" alt=\"\" \/><\/figure><div class=\"elementor-image-box-content\"><div class=\"elementor-image-box-title\">Susitikime<\/div><p class=\"elementor-image-box-description\">surasite mus Kaune<\/p><\/div><\/div>\t\t<\/div>\n\t\t\t\t<\/div>\n\t\t\t\t<div class=\"elementor-element elementor-element-b1f8e10 elementor-position-left elementor-vertical-align-top elementor-widget elementor-widget-image-box\" data-id=\"b1f8e10\" data-element_type=\"widget\" data-widget_type=\"image-box.default\">\n\t\t\t\t<div class=\"elementor-widget-container\">\n\t\t\t<div class=\"elementor-image-box-wrapper\"><figure class=\"elementor-image-box-img\"><img loading=\"lazy\" decoding=\"async\" width=\"70\" height=\"76\" src=\"https:\/\/vilmaprofit.lt\/wp-content\/uploads\/2020\/11\/email-icon-2.png\" class=\"attachment-full size-full\" alt=\"\" \/><\/figure><div class=\"elementor-image-box-content\"><div class=\"elementor-image-box-title\">Gaukite atsakym\u0105<\/div><p class=\"elementor-image-box-description\">Email: pagalba@vilmaprofit.lt<\/p><\/div><\/div>\t\t<\/div>\n\t\t\t\t<\/div>\n\t\t\t\t<div class=\"elementor-element elementor-element-cc89d07 elementor-position-left elementor-vertical-align-top elementor-widget elementor-widget-image-box\" data-id=\"cc89d07\" data-element_type=\"widget\" data-widget_type=\"image-box.default\">\n\t\t\t\t<div class=\"elementor-widget-container\">\n\t\t\t<div class=\"elementor-image-box-wrapper\"><figure class=\"elementor-image-box-img\"><img loading=\"lazy\" decoding=\"async\" width=\"70\" height=\"76\" src=\"https:\/\/vilmaprofit.lt\/wp-content\/uploads\/2020\/11\/phone-icon-2.png\" class=\"attachment-full size-full\" alt=\"\" \/><\/figure><div class=\"elementor-image-box-content\"><div class=\"elementor-image-box-title\">Pasitarkite<\/div><p class=\"elementor-image-box-description\">T: +370 602 58515<\/p><\/div><\/div>\t\t<\/div>\n\t\t\t\t<\/div>\n\t\t\t\t\t<\/div>\n\t\t<\/div>\n\t\t\t\t\t\t\t<\/div>\n\t\t<\/section>\n\t\t\t\t\t\t<\/div>\n\t\t\t\t\t<\/div>\n\t\t","protected":false},"excerpt":{"rendered":"<p>Vilma Kanapkien\u0117 2016 m. su pagyrimu baig\u0117 Verslo vadybos bakalauro studijas Utenos kolegijoje; 2018 m. Vilniaus universitete baig\u0117 Ekonomikos studijas ir&nbsp; \u012fgyjo ekonomikos bakalauro laipsn\u012f; 2021 m. baig\u0117 ekonomikos studij\u0173 krypties \u017dem\u0117s \u016bkio ekonomikos studijas Vytauto Did\u017eiojo universitete ir jai suteiktas socialini\u0173 moksl\u0173 magistro laipsnis. Tyriam\u0173j\u0173 studij\u0173 kryptis niekada nebuvo paprasta: Bankroto tikimyb\u0117s vertinimas bank\u0173<br \/><a class=\"moretag\" href=\"https:\/\/vilmaprofit.lt\/index.php\/about\/\">+ Read More<\/a><\/p>\n","protected":false},"author":1,"featured_media":0,"parent":0,"menu_order":0,"comment_status":"closed","ping_status":"closed","template":"templates\/page-builder.php","meta":{"footnotes":""},"class_list":["post-419","page","type-page","status-publish","hentry"],"_links":{"self":[{"href":"https:\/\/vilmaprofit.lt\/index.php\/wp-json\/wp\/v2\/pages\/419","targetHints":{"allow":["GET"]}}],"collection":[{"href":"https:\/\/vilmaprofit.lt\/index.php\/wp-json\/wp\/v2\/pages"}],"about":[{"href":"https:\/\/vilmaprofit.lt\/index.php\/wp-json\/wp\/v2\/types\/page"}],"author":[{"embeddable":true,"href":"https:\/\/vilmaprofit.lt\/index.php\/wp-json\/wp\/v2\/users\/1"}],"replies":[{"embeddable":true,"href":"https:\/\/vilmaprofit.lt\/index.php\/wp-json\/wp\/v2\/comments?post=419"}],"version-history":[{"count":72,"href":"https:\/\/vilmaprofit.lt\/index.php\/wp-json\/wp\/v2\/pages\/419\/revisions"}],"predecessor-version":[{"id":1943,"href":"https:\/\/vilmaprofit.lt\/index.php\/wp-json\/wp\/v2\/pages\/419\/revisions\/1943"}],"wp:attachment":[{"href":"https:\/\/vilmaprofit.lt\/index.php\/wp-json\/wp\/v2\/media?parent=419"}],"curies":[{"name":"wp","href":"https:\/\/api.w.org\/{rel}","templated":true}]}}